+ (3 - (0 - -1) - -4) + 5.
6
38 + -42 - (3 - (2 + -6))
-11
Evaluate -12 - 3 - 18 - -12.
-21
6 + -7 + 1 + -16 - -26
10
What is the value of (-6 - (-34 - -46)) + 26?
8
-7 - ((24 - 41) + 7)
3
What is the value of (43 - 37) + (1 + 6 - (-11 + 14))?
10
Evaluate (8 - (12 - (-6 + 10))) + -22.
-22
-4 + -14 + 0 + 29 + -27
-16
Evaluate -6 + (6 - 1 - ((-11 - 0) + 7)).
3
What is the value of -1 + -3 + (-8 - -6) + 14 + -6?
2
What is -16 - (57 + -50 - (11 + 2))?
-10
What is the value of -15 - (3 + (-29 - -16))?
-5
What is the value of -8 + (12 - (-5 + 8) - -5) - 30?
-24
Evaluate -56 + 47 + -9 + 8.
-10
Calculate (12 - -2 - 25) + (-4 - -38).
23
Calculate (-6 - -9) + (-5 + 4 - -1 - 4).
-1
What is the value of 5 + (-1 - (-3 - -12 - (-4 + 26)))?
17
What is the value of (-14 + 21 - (6 - 3)) + 20 - -3?
27
What is -69 + 40 + (19 - 4)?
-14
Calculate -13 - -25 - (3 - 20).
29
10 + -14 + -4 + -3 + 38 - 6
21
(2 - (6 + -10 + -1)) + 0 - 8
-1
-171 + 135 - (-13 + 1 + -4)
-20
21 + (-13 + 1 - (368 - 364))
5
-12 + 21 + (-12 - -24)
21
Calculate 0 + 18 + -276 + 268.
10
What is the value of 11 + 2 - (1 - 0) - 20?
-8
What is the value of ((15 - 5) + -15 - -22) + 18?
35
What is ((-1 - -26) + -20 - -5) + 1 + -1?
10
Calculate (-22 - (-10 - -11)) + 10.
-13
What is 32 + -34 - 12 - -26?
12
What is (0 - -2) + (-456 - -463)?
9
Evaluate 3 - ((-37 - -3) + 19).
18
6 + -1 - (-33 - -42) - (-4 - 0)
0
Evaluate (-449 - -433) + (1 - 3 - -2).
-16
What is 15 + -22 - 1 - -10?
2
What is the value of -4 + 0 - 0 - 2 - (15 + -32)?
11
Calculate -30 - -5 - (43 + -60).
-8
15 - (2 + -3 + 5)
11
What is 0 + 19 - (1 - 1 - (113 - 106))?
26
Evaluate 3 + 2 + (14 + -25 - 12) + 2.
-16
Evaluate -19 + 56 + 23 + -85.
-25
Evaluate -8 + 1 + (11 - (24 - 14)).
-6
Calculate -4 + 1 + -1 + (222 - 217) + 2.
3
What is (-15 - 1) + -3 + 40 + -33?
-12
Evaluate 1 + -9 + (1 - -23) - 0.
16
-6 - 7 - ((4 - 20) + 10)
-7
What is 3 + -9 + (-4 - (6 + -11)) - -23?
18
What is (-48 - -33) + (30 - 0)?
15
What is the value of 13 + -8 + 0 + (-6 - -10) - 21?
-12
What is -11 + (21 - 14) - (-5 - 0)?
1
What is -6 + 30 + -7 + 0 + -3?
14
What is (-12 - (-4 + -7)) + (1 - (-3 - 0))?
3
Evaluate 31 + -10 + 6 + -14 + 5.
18
Calculate 2 + 0 + -3 + (-6 - -6).
-1
What is -26 + 2 + (116 - 81)?
11
What is the value of -5 + (-4 - (1 - 16)) + -5?
1
What is 18 - ((20 - -6) + -28)?
20
What is (-15 - (1 - 7) - 4) + -5?
-18
-4 + -1 + 9 + 0 - 9
-5
Calculate 5 - (-23 - (-3 - 13)) - 27.
-15
(3 + 0 + -7 - 3) + 12 + 5
10
Calculate -5 - (10 - (20 - 10) - 2).
-3
Calculate -3 + 4 - (7 - (-19 + 0 + 10)).
-15
What is (7 - -6) + (-16 - 2 - 11)?
-16
Evaluate (-9 - 2) + (44 - 9) + (-19 - -10).
15
Evaluate -2 + -4 - (11 - (-1 + 20)).
2
Calculate -4 + 0 + 3 - 0 - -1.
0
Evaluate (-18 - -9) + -8 + 17.
0
Calculate 8 - (-9 + 3 + 24).
-10
Evaluate (4 - -2 - 1) + -13.
-8
Calculate (-1 - (-6 - (0 + 1))) + (51 - 43).
14
Calculate -59 + 52 + 0 + -2 + (0 - -35).
26
Calculate (54 - (112 + -56)) + (15 - 1).
12
Calculate (-1 - 8) + 0 - (-499 + 514).
-24
Evaluate 11 + -33 + -3 + (-2 - -14).
-13
(-4 - 3 - -6) + (6 - 7)
-2
What is (-13 - (21 - 42)) + -19?
-11
What is -7 - (-1 - 9 - (-31 - -16))?
-12
Calculate 94 + (19 - 68) - (-2 - -18).
29
What is 11 + -3 + 7 + 4 + -5 + -5?
9
Calculate (10 - 1) + (-183 - -164) + 29.
19
Calculate -13 + 8 + (-2 + (8 - 12) - -10).
-1
What is the value of 3 + -16 + 45 - (0 + 2 - -6)?
24
What is -103 - -70 - (-33 + -7)?
7
What is the value of 9 + (-96 + 52 - -35) + 1 + 9?
10
10 + (10 - 3) + -15
2
What is (-22 - -5) + (3 - 2 - (14 - 14))?
-16
What is the value of 6 + -28 - (-131 + 116)?
-7
What is (10 - 1) + -27 + (3 - 6) + 0?
-21
What is the value of 5 + -1 + (-6 - -14) + -2 + -18?
-8
What is -7 - (5 + -16 + -3 + 0)?
7
-107 - -102 - (-25 + -1)
21
Calculate 0 - (-7 + 6) - ((-2 - 4) + -4).
11
Evaluate 6 + 1 - (-26 + 26 + 9 + -4).
2
Calculate 6 + -8 + (23 + -13 - 5).
3
What is -10 + 10 + 10 + -21 + -1?
-12
What is the value of -38 - ((20 - 24) + -17)?
-17
-25 - (-2 - (-4 + 21))
-6
Evaluate 21 - (-8 + 1 - -34).
-6
What is (14 - 7) + -9 + 3 + 1 + -10?
-8
What is (-7 - 38 - -31) + 1 + (-4 - -1)?
-16
What is 2887 - 2871 - (-1 + -17 + -1)?
35
Evaluate (-2 + 5 - 1) + -31 + 30.
1
-1 - -7 - (18 + -9 + 6)
-9
What is the value of 1 - (2 - 2) - 4 - (-723 + 737)?
-17
What is (8 - -1) + (-34 - -30)?
5
Calculate 3 + -6 + (-12 - (-13 + 20)).
-22
(-1 - 21) + (-31 - 7) + 36
-24
Calculate (3 - 3 - 10 - (-18 - -13)) + 0.
-5
Evaluate -3 + 6 + -6 + (4 - (0 + -1)).
2
Calculate 6 + (-1 - (-4 - -7)) - (-2 - 0).
4
(-15 - -13) + 7 - -9 - -7
21
Evaluate -11 - (-27 - -23) - -14.
7
What is -8 + 29 + (-49 - -28)?
0
(-1 - (-2 - -6)) + -67 + 57
-15
Evaluate (1 - -2 - (63 + -57)) + 4.
1
Calculate (0 - (6 + -2) - (11 + -14)) + 4.
3
Evaluate -58 - (51 + -104) - (-2 - (1 - 1)).
-3
What is 23 - 25 - ((-2 - 10) + -8)?
18
What is the value of 26 + -34 - ((-3 - -6) + -4)?
-7
17 + 18 + -53 - -4 - 21
-35
What is -388 - -374 - (-17 + 1)?
2
Calculate 12 - (0 + 5 + (1 - -8 - 8)).
6
Calculate -7 - (-11 + -10 + 7) - 24.
-17
What is the value of -37 + 28 - 11 - 10?
-30
Calculate 860 - 875 - (-26 - -1).
10
Evaluate 20 - (30 - (32 + -3)).
19
What is -4 + -3 + 0 + 5 - (-7 + 3)?
2
What is the value of -16 - 1 - (13 + 26 + -47)?
-9
Evaluate -9 + (-12 - (5 + -8)) + 22.
4
What is (-121 - -123) + -3 + -1 - (0 - 4)?
2
Calculate (-11 - 5) + 12 - -4 - (32 + -2).
-30
Calculate -19 - -12 - ((13 - 5) + -14 - 10).
9
What is the value of 4 + (-4 + (0 - -5) - -5) + -21?
-11
Calculate (123 - 45) + -72 + (0 - 32).
-26
29 + (13 - (12 + 15))
15
What is -14 + (22 - -9) - -15?
32
Evaluate (-9 - 11) + (-1 - -3) - -2.
-16
-12 + (11 - (-34 + 36))
-3
What is the value of -97 - (-75 + 47) - -36?
-33
Evaluate -17 - (30 - (22 - -3)).
-22
What is 13 + -25 + 10 + 0?
-2
What is the value of 19 - -1 - (-7 - (13 + (17 - 29)))?
28
What is (4 - -1 - (13 + -12 - -7)) + 4?
1
What is the value of 8 + -13 + (-18 + 23 - (0 + 1))?
-1
Calculate -5 + (-3 + 2 - 4) - -5.
-5
What is -1 + (-4 - (0 + -8)) - (-17 - -27)?
-7
Calculate -22 + 22 - (-15 - -4 - (-6 + 5)).
10
Calculate (-1 - 0 - 17) + -464 + 469.
-13
Evaluate 3 - 1 - (-4 + (-1 - (-7 + 5))).
5
Calculate -3 - -2 - (9 - (26 + 10 + -16)).
10
What is ((-3 - 7) + 0 - (-252 - -251)) + -5?
-14
What is -6 + (-5 - (3 + -11)) + -4 + -2?
-9
What is the value of (-13 - (19 - -2)) + 13?
-21
(18 - (-18 - -37)) + 20
19
Evaluate (-3 - (1 - -8) - -2) + 37 + -33.
-6
What is the value of 4 + 27 - (2 - -4) - (14 + -7)?
18
What is the value of -14 + (-5 - (-38 + 18))?
1
Evaluate -1 + 9 + (-194 - -180).
-6
Evaluate 8 + -4 + 1 + 138 + -157.
-14
Evaluate -18 + (9 - (4 - 15 - -10)).
-8
58 + (-4 + -7 - (-73 + 80))
40
175 + -146 - (50 - 2)
-19
7 + (7 - (10 - (-10 + 30))) + -11
13
What is the value of (3 - 8 - -8 - 9) + -5 - 2?
-13
What is the value of -5 + 1 - (53 + -50) - 0?
-7
(-1 - -2) + (24 - 32) + 22
15
Evaluate -11 + (9 - (2 + -9)) + 14.
19
(-14 - (-17 + -2)) + (-1 - -5)
9
(-23 - -16) + ((-4 - -6) + 0 - -3)
-2
What is the value of 17 + 15 + (-55 - -5)?
-18
Calculate -6 + 3 + 6 + -15.
-12
Evaluate 1 - 23 - (29 + -14 - (1 - -22)).
-14
What is the value of -38 + (32 + -27 - -4)?
-29
Calculate 0 + -5 + -233 + 241.
3
(86 - 101) + (16 - -1)
2
What is the value of 5 + (1 + (1 - -3) - (3 - -14))?
-7
((30 - 20) + (-8 - -4) - 4) + 10
12
What is the value of -5 - (6 - 11) - (-11 + 8)?
3
What is the value of (13 - (-14 + 14)) + -1?
12
Evaluate -3 - (0 + 0 + (-2 - (-11 + 3))).
-9
Evaluate -14 - (16 + -3 + 1 + (-6 - 2)).
-20
Calculate -29 + 6 + 27 + -10.
-6
Calculate -3 + (-1 - 0 - 9).
-13
What is -35 - ((-20 - 65) + 26)?
24
What is (7 - 27) + 14 + 21 + 1?
16
Calculate (-3 - -6) + 5 - (2 - -32 - 17).
-9
Calculate -8 + -1 + -8 + -3 + 4 + 10.
-6
Calculate (-9 - -2) + 22 - 5.
10
Calculate (17 - 11) + -1 + (-5 - 1).
-1
25 - 23 - (-8 + 0)
10
What is the value of -41 - ((17 - 61) + 25)?
-22
(0 - 15 - -5) + (15 - 36 - -20)
-11
Evaluate -1 - (-1 - (-1 - -16)).
15
What is 6 - 16 - (14 - 50 - -11)?
15
0 + 18 + -8 + -12 + 16
14
What is (45 - 21) + -29 - (0 - 6)?
1
Evaluate 10 + -8 + -22 + 35.
15
What is -9 + 14 + 6 - 13?
-2
Calculate (-16 - -15) + -1 + -4 + -13 + 1.
-18
Evaluate -11 + 15 + -8 - (1 - 9).
4
Calculate 1 + -5 - (1878 + -1879).
-3
19 + (2 - (14 + (-18 - -62)))
-37
(4 - 11) + 5 + 8
6
What is the value of 0 + 7 + (92 - 89) + -15?
-5
What is